-y + q. Let i be (-3)/y - 2/4. Let s be (-1 - i) + (6 - 2). What is the greatest common factor of s and 6?
2
Let s = 3 - -2. Suppose 27 = -2*b - s. Let u be (0 - -7)/((-8)/b). Calculate the greatest common divisor of 14 and u.
14
Suppose -5*v - 3*s = -6*v + 3, 0 = -3*s + 3. What is the greatest common factor of 3 and v?
3
Let h be (-50)/(-4)*(3 - -15). What is the greatest common factor of 25 and h?
25
Suppose -2*a + 35 = 5*r, 2*a + 2*r = -r + 33. Calculate the greatest common factor of a and 135.
15
Let p = 53 - 26. Calculate the greatest common factor of p and 108.
27
Suppose -3*m + 2*m + 51 = 0. Let d = m + -32. Suppose -85 = -4*u - 2*j + 513, -2*u + 314 = -2*j. Calculate the greatest common divisor of d and u.
19
Let g be (-2)/4 + ((-2145)/10)/(-11). What is the greatest common factor of g and 38?
19
Let f = -9 - -12. Suppose -2*q + 34 = 4*o, 8*o - 3*o + 3*q = 42. What is the highest common divisor of o and f?
3
Let p = -9 + 16. Suppose -6 = 3*w, -5*w - 60 + 22 = -4*n. Calculate the highest common factor of p and n.
7
Let n(h) = -h**3 + 8*h**2 - 4*h + 7. Let u be n(6). What is the greatest common divisor of u and 22?
11
Suppose 2*k = 5*k - 60. Let n be 8/(-3)*(2 - 5). Calculate the highest common divisor of k and n.
4
Suppose m = -14 + 42. Let b = m + -19. Calculate the greatest common factor of 45 and b.
9
Suppose 4*j + 0*j - 140 = 0. Suppose -j = 3*x - 8*x. Let v(w) = w + 5. Let l be v(x). What is the greatest common factor of l and 84?
12
Let a = 1 - 1. Let c be -1 + (a - 1) - -3. Let s be 1/(1/3 - 0). What is the greatest common factor of c and s?
1
Let h(t) = -6*t - 5. Let j be h(-4). Suppose -4*c + 156 = -72. Calculate the highest common divisor of j and c.
19
Let y = -12 - -7. Let t be (-4)/(-2) - (-6 - y). What is the greatest common divisor of 15 and t?
3
Let c be ((-4)/3)/((-4)/12). Suppose -5*p + 4*g + 112 = 0, 2*p = -g - 3*g + 28. Calculate the greatest common divisor of p and c.
4
Let b(i) = 40*i - 5. Let n be b(2). Suppose -2*x + q + 98 = 0, -5*q - 60 = -2*x + 30. Calculate the greatest common factor of n and x.
25
Let g(u) = -4 - 2*u**2 + u**3 + 0 + 5*u + u**2 - 4*u**2. Let k be g(5). Calculate the greatest common factor of k and 3.
3
Let u(n) = -2*n**2 + n + 3. Let w be u(3). Let d = 17 + w. Suppose 60 = d*j - 0*j. Calculate the highest common factor of j and 60.
12
Let k(l) = 12*l + 2. Let d be k(3). What is the highest common factor of d and 19?
19
Suppose -4*g - 1553 = -2*j + j, -5*j - 4*g = -7837. Let b be j/35 + (-2)/(-7). Calculate the highest common factor of 15 and b.
15
Let w(p) be the first derivative of 2*p**3/3 - 2*p**2 - 3*p + 9. Let r be w(-2). Calculate the greatest common factor of r and 104.
13
Suppose 2*z - 97 = 4*p - 3, 5*p + 3*z = -123. Let d = -14 - p. Calculate the highest common factor of d and 10.
10
Suppose -2*v - 3*v - j = -78, 4*j = 3*v - 56. Suppose -4*k - 3*l + 183 = 0, 5*k - 4*l - 89 - 163 = 0. What is the greatest common divisor of v and k?
16
Suppose 0 = 2*h - 33 - 51. Calculate the greatest common divisor of 294 and h.
42
Let f(x) = x**3 - 8*x**2 - 10*x - 3. Let z be f(9). Let c = 17 + z. Calculate the greatest common divisor of 2 and c.
1
Let z(c) = -c**2 - 5*c - 2. Let q be z(-3). Suppose 9*d - q*d = -15. Let n be 3 + (d - -3) - -31. What is the highest common divisor of n and 85?
17
Let c be ((-10)/(-5))/(4/10). Suppose c*a - 55 = 3*m - 0*m, -33 = -3*a - 3*m. What is the greatest common factor of 1 and a?
1
Let k be (-2 - 282/(-8)) + (-1)/4. What is the greatest common factor of k and 22?
11
Let y be 57/4 + (-2)/8. Calculate the greatest common factor of 154 and y.
14
Let h(x) = x**3 - x + 1. Let i be h(3). Suppose -2*b + 216 = -334. Calculate the highest common divisor of i and b.
25
Let g(t) = -t**3 - 8*t**2 + 10*t + 10. Let z be g(-9). Suppose 0 = -k + 4 + z. Calculate the highest common divisor of k and 2.
1
Suppose 2*k = 3*q + q - 28, -4*k = q + 11. Calculate the greatest common factor of 5 and q.
5
Let r be 92/5 + ((-8)/20 - 0). Calculate the greatest common factor of 6 and r.
6
Let b(n) = 8*n - 7. Let z be b(5). Let q be (2/(-6)*-2)/((-4)/(-66)). Calculate the greatest common factor of z and q.
11
Let c = -8 - -29. Calculate the greatest common divisor of c and 189.
21
Let r(m) be the second derivative of m**3/3 - 4*m**2 + m. Let u be r(6). What is the highest common factor of u and 20?
4
Let p be (1 + 2 + -2)*1 + 4. What is the greatest common divisor of 85 and p?
5
Let f be (38/1)/((20/(-8))/(-5)). Suppose 7*l - 2*l - 10 = 0. Suppose f = l*b - 0*b. Calculate the greatest common divisor of 19 and b.
19
Let o(j) = j**2 + 3. Let y be o(3). Calculate the greatest common divisor of 60 and y.
12
Suppose 4*l - 32 = 2*l. Let k be ((-105)/(-9))/5*3. Let i = k + -5. Calculate the highest common factor of l and i.
2
Suppose 4*d - 5*q = 136, -14*d + 13*d + 2*q + 34 = 0. Calculate the highest common factor of 119 and d.
17
Let q = -8 + 11. Suppose 3 = b - 0*b, q*w - b = 282. Let u = 41 - 22. Calculate the greatest common divisor of w and u.
19
Let v(p) = -p + 10. Let a be v(8). Suppose 12 = a*s - 20. Calculate the highest common factor of 8 and s.
8
Let y be ((-16)/5)/((-8)/20). Let q = 21 - y. Let n(h) = -3*h - 5. Let j be n(-6). What is the highest common divisor of q and j?
13
Suppose 362 = 2*r - 5*g, -13*g + 11*g - 356 = -2*r. What is the highest common divisor of 11 and r?
11
Let l be 5/(-10)*-2*5. Suppose -71 = -4*j + 5*o + 38, -25 = l*o. Calculate the greatest common factor of j and 7.
7
Let p(h) = -2*h - 6. Let j be p(-9). Let u = 1 + j. What is the greatest common divisor of 91 and u?
13
Let y = 48 - 28. Suppose y = 3*d - 34. Let i be 7/4 + 2/8. Calculate the greatest common divisor of d and i.
2
Let v = -4 + 7. Let k = 10 - 44. Let l be (-6)/(-9) - k/3. What is the greatest common factor of l and v?
3
Let g(t) = -t**2 + 13*t + 2. Let h be g(10). Let j be -1 - (-15 + 1 + -3). What is the greatest common divisor of h and j?
16
Suppose 0*a + 132 = 2*a. Suppose 2*s - s - a = 0. What is the greatest common factor of 22 and s?
22
Let x be -2*(-1)/2*2. Calculate the greatest common factor of 3 and x.
1
Suppose -3*t = -12, -2*t - 122 = -5*c - 0*t. Calculate the greatest common factor of c and 182.
26
Let v = 30 - 5. Let t be 1 - (5 - 2)*1. Let s be 1/t - 11/(-2). What is the greatest common factor of s and v?
5
Suppose -2*y - 2*y + 16 = 0. Let j(m) = 2*m - 9. Let d be j(8). Let w = d + y. What is the greatest common factor of 11 and w?
11
Let j = -33 + 58. Suppose -y + j = 4*w, -5*w + 4*w - 83 = -4*y. Calculate the greatest common divisor of 7 and y.
7
Let m(d) = 2*d. Suppose 0 = -2*l - 3 + 7. Let o be m(l). Let s(v) = -v**3 + 5*v**2 + 3*v + 4. Let h be s(o). Calculate the highest common divisor of h and 4.
4
Let a be -1*((-6)/2 - -2). Calculate the greatest common divisor of a and 9.
1
Let a(k) be the first derivative of -2*k**2 + k + 3. Let z be a(-3). What is the greatest common factor of 13 and z?
13
Suppose -4*h + 68 = -0*h. Let f(d) = 16*d**2 - 2*d - 4. Let i be f(-5). Let v be i/3 + 2/3. Calculate the highest common divisor of h and v.
17
Let r(n) = 2*n**2 - 4*n - 12. Let h be r(-9). Let z = -96 + h. Let t = -30 + z. Calculate the highest common divisor of t and 15.
15
Suppose 56*m - 270 = 51*m. Calculate the highest common factor of 216 and m.
54
Let m(o) = -o**3 - 1. Let r be m(-2). Let c be (-70)/(-4) + r/14. Calculate the highest common factor of c and 2.
2
Suppose 3*q = 11 + 1. What is the greatest common factor of 36 and q?
4
Suppose 4*w - 17*w + 91 = 0. What is the highest common factor of w and 63?
7
Suppose 5*y = 2*m + 142, 4*m = -4*y - 0*m + 108. Calculate the highest common factor of 7 and y.
7
Let x = -28 + 215. Suppose -s = 19 - 36. What is the greatest common factor of s and x?
17
Suppose -4*p - 30 = p. Let v(x) = x**2 - 5*x - 2. Let g be v(p). Let k(q) = q**2 + 4*q + 4. Let b be k(-6). Calculate the greatest common factor of g and b.
16
Suppose -4*s - 20 = s. Let w be (3*3)/(-3 - s). Calculate the highest common divisor of 9 and w.
9
Suppose -4*u = 166 - 1266. Suppose 2*a = 5*a - 75. What is the greatest common factor of u and a?
25
Let t be (-12 - -10)/((-2)/2). Suppose t + 1 = 3*p. Calculate the highest common divisor of 7 and p.
1
Let u(k) = k**2 - 8*k. Let t b